CRAN Package Check Results for Package blm

Last updated on 2025-11-05 07:50:38 CET.

Flavor Version Tinstall Tcheck Ttotal Status Flags
r-devel-linux-x86_64-debian-clang 2022.0.0.1 5.14 34.90 40.04 NOTE
r-devel-linux-x86_64-debian-gcc 2022.0.0.1 3.34 26.99 30.33 NOTE
r-devel-linux-x86_64-fedora-clang 2022.0.0.1 23.00 40.33 63.33 OK
r-devel-linux-x86_64-fedora-gcc 2022.0.0.1 56.43 OK
r-devel-windows-x86_64 2022.0.0.1 6.00 56.00 62.00 OK
r-patched-linux-x86_64 2022.0.0.1 5.26 32.68 37.94 OK
r-release-linux-x86_64 2022.0.0.1 4.20 32.77 36.97 OK
r-release-macos-arm64 2022.0.0.1 2.00 21.00 23.00 OK
r-release-macos-x86_64 2022.0.0.1 5.00 31.00 36.00 OK
r-release-windows-x86_64 2022.0.0.1 6.00 54.00 60.00 OK
r-oldrel-macos-arm64 2022.0.0.1 2.00 23.00 25.00 OK
r-oldrel-macos-x86_64 2022.0.0.1 3.00 32.00 35.00 OK
r-oldrel-windows-x86_64 2022.0.0.1 6.00 55.00 61.00 OK

Check Details

Version: 2022.0.0.1
Check: CRAN incoming feasibility
Result: NOTE Maintainer: ‘S.Kovalchik <[email protected]>’ No Authors@R field in DESCRIPTION. Please add one, modifying Authors@R: c(person(given = "S.", family = "Kovalchik", role = "aut"), person(family = "S.Kovalchik", role = "cre", email = "[email protected]")) as necessary. Package CITATION file contains call(s) to old-style personList() or as.personList(). Please use c() on person objects instead. Package CITATION file contains call(s) to old-style citEntry(). Please use bibentry() instead. Flavors: r-devel-linux-x86_64-debian-clang, r-devel-linux-x86_64-debian-gcc