Last updated on 2025-11-05 07:50:39 CET.
| Flavor | Version | Tinstall | Tcheck | Ttotal | Status | Flags |
|---|---|---|---|---|---|---|
| r-devel-linux-x86_64-debian-clang | 1.0.2 | 4.12 | 29.87 | 33.99 | NOTE | |
| r-devel-linux-x86_64-debian-gcc | 1.0.2 | 3.01 | 23.30 | 26.31 | NOTE | |
| r-devel-linux-x86_64-fedora-clang | 1.0.2 | 52.39 | OK | |||
| r-devel-linux-x86_64-fedora-gcc | 1.0.2 | 62.40 | OK | |||
| r-devel-windows-x86_64 | 1.0.2 | 5.00 | 47.00 | 52.00 | OK | |
| r-patched-linux-x86_64 | 1.0.2 | 3.82 | 28.69 | 32.51 | OK | |
| r-release-linux-x86_64 | 1.0.2 | 3.76 | 28.94 | 32.70 | OK | |
| r-release-macos-arm64 | 1.0.2 | 2.00 | 26.00 | 28.00 | OK | |
| r-release-macos-x86_64 | 1.0.2 | 6.00 | 65.00 | 71.00 | OK | |
| r-release-windows-x86_64 | 1.0.2 | 4.00 | 47.00 | 51.00 | OK | |
| r-oldrel-macos-arm64 | 1.0.2 | 2.00 | 29.00 | 31.00 | OK | |
| r-oldrel-macos-x86_64 | 1.0.2 | 3.00 | 35.00 | 38.00 | OK | |
| r-oldrel-windows-x86_64 | 1.0.2 | 5.00 | 50.00 | 55.00 | OK |
Version: 1.0.2
Check: CRAN incoming feasibility
Result: NOTE
Maintainer: ‘Mike Lee <[email protected]>’
No Authors@R field in DESCRIPTION.
Please add one, modifying
Authors@R: person(given = "Mike",
family = "Lee",
role = c("aut", "cre"),
email = "[email protected]")
as necessary.
Flavors: r-devel-linux-x86_64-debian-clang, r-devel-linux-x86_64-debian-gcc