CRAN Package Check Results for Package bwd

Last updated on 2025-11-05 07:50:39 CET.

Flavor Version Tinstall Tcheck Ttotal Status Flags
r-devel-linux-x86_64-debian-clang 0.1.0 2.31 19.76 22.07 NOTE
r-devel-linux-x86_64-debian-gcc 0.1.0 1.89 15.89 17.78 NOTE
r-devel-linux-x86_64-fedora-clang 0.1.0 33.02 OK
r-devel-linux-x86_64-fedora-gcc 0.1.0 31.01 OK
r-devel-windows-x86_64 0.1.0 5.00 41.00 46.00 OK
r-patched-linux-x86_64 0.1.0 2.51 19.03 21.54 OK
r-release-linux-x86_64 0.1.0 2.52 18.68 21.20 OK
r-release-macos-arm64 0.1.0 3.00 17.00 20.00 OK
r-release-macos-x86_64 0.1.0 4.00 23.00 27.00 OK
r-release-windows-x86_64 0.1.0 5.00 41.00 46.00 OK
r-oldrel-macos-arm64 0.1.0 3.00 20.00 23.00 NOTE
r-oldrel-macos-x86_64 0.1.0 3.00 20.00 23.00 NOTE
r-oldrel-windows-x86_64 0.1.0 5.00 42.00 47.00 NOTE

Check Details

Version: 0.1.0
Check: CRAN incoming feasibility
Result: NOTE Maintainer: ‘Seung Jun Shin <[email protected]>’ The Description field contains detection proposed by Shin et al. <arXiv:1812.10107>. The backward Please refer to arXiv e-prints via their arXiv DOI <doi:10.48550/arXiv.YYMM.NNNNN>. Flavors: r-devel-linux-x86_64-debian-clang, r-devel-linux-x86_64-debian-gcc

Version: 0.1.0
Check: LazyData
Result: NOTE 'LazyData' is specified without a 'data' directory Flavors: r-oldrel-macos-arm64, r-oldrel-macos-x86_64, r-oldrel-windows-x86_64