CRAN Package Check Results for Package calACS

Last updated on 2025-11-05 07:50:39 CET.

Flavor Version Tinstall Tcheck Ttotal Status Flags
r-devel-linux-x86_64-debian-clang 2.2.2 1.63 18.04 19.67 NOTE
r-devel-linux-x86_64-debian-gcc 2.2.2 1.41 15.20 16.61 NOTE
r-devel-linux-x86_64-fedora-clang 2.2.2 28.83 OK
r-devel-linux-x86_64-fedora-gcc 2.2.2 27.33 OK
r-devel-windows-x86_64 2.2.2 2.00 33.00 35.00 OK
r-patched-linux-x86_64 2.2.2 1.13 17.22 18.35 OK
r-release-linux-x86_64 2.2.2 1.65 17.26 18.91 OK
r-release-macos-arm64 2.2.2 1.00 13.00 14.00 OK
r-release-macos-x86_64 2.2.2 2.00 19.00 21.00 OK
r-release-windows-x86_64 2.2.2 2.00 34.00 36.00 OK
r-oldrel-macos-arm64 2.2.2 1.00 17.00 18.00 NOTE
r-oldrel-macos-x86_64 2.2.2 1.00 18.00 19.00 NOTE
r-oldrel-windows-x86_64 2.2.2 2.00 35.00 37.00 NOTE

Check Details

Version: 2.2.2
Check: CRAN incoming feasibility
Result: NOTE Maintainer: ‘Alan Gu <[email protected]>’ No Authors@R field in DESCRIPTION. Please add one, modifying Authors@R: person(given = "Alan", family = "Gu", role = c("aut", "cre"), email = "[email protected]") as necessary. Flavors: r-devel-linux-x86_64-debian-clang, r-devel-linux-x86_64-debian-gcc

Version: 2.2.2
Check: LazyData
Result: NOTE 'LazyData' is specified without a 'data' directory Flavors: r-oldrel-macos-arm64, r-oldrel-macos-x86_64, r-oldrel-windows-x86_64