Last updated on 2025-11-05 07:50:39 CET.
| Flavor | Version | Tinstall | Tcheck | Ttotal | Status | Flags |
|---|---|---|---|---|---|---|
| r-devel-linux-x86_64-debian-clang | 1.0 | 1.63 | 19.23 | 20.86 | NOTE | |
| r-devel-linux-x86_64-debian-gcc | 1.0 | 1.44 | 16.38 | 17.82 | NOTE | |
| r-devel-linux-x86_64-fedora-clang | 1.0 | 30.58 | OK | |||
| r-devel-linux-x86_64-fedora-gcc | 1.0 | 10.00 | 20.02 | 30.02 | OK | |
| r-devel-windows-x86_64 | 1.0 | 3.00 | 34.00 | 37.00 | OK | |
| r-patched-linux-x86_64 | 1.0 | 1.63 | 18.15 | 19.78 | OK | |
| r-release-linux-x86_64 | 1.0 | 1.65 | 18.30 | 19.95 | OK | |
| r-release-macos-arm64 | 1.0 | 1.00 | 14.00 | 15.00 | OK | |
| r-release-macos-x86_64 | 1.0 | 2.00 | 20.00 | 22.00 | OK | |
| r-release-windows-x86_64 | 1.0 | 3.00 | 33.00 | 36.00 | OK | |
| r-oldrel-macos-arm64 | 1.0 | 1.00 | 19.00 | 20.00 | OK | |
| r-oldrel-macos-x86_64 | 1.0 | 1.00 | 20.00 | 21.00 | OK | |
| r-oldrel-windows-x86_64 | 1.0 | 3.00 | 35.00 | 38.00 | OK |
Version: 1.0
Check: CRAN incoming feasibility
Result: NOTE
Maintainer: ‘Alicja Wolny-Dominiak <[email protected]>’
No Authors@R field in DESCRIPTION.
Please add one, modifying
Authors@R: c(person(given = "Peter",
family = "Adamic",
role = "aut"),
person(given = "Alicja",
family = "Wolny-Dominiak",
role = c("aut", "cre"),
email = "[email protected]"))
as necessary.
Flavors: r-devel-linux-x86_64-debian-clang, r-devel-linux-x86_64-debian-gcc