CRAN Package Check Results for Package cloudUtil

Last updated on 2025-11-05 07:50:40 CET.

Flavor Version Tinstall Tcheck Ttotal Status Flags
r-devel-linux-x86_64-debian-clang 0.1.12 1.72 31.69 33.41 NOTE
r-devel-linux-x86_64-debian-gcc 0.1.12 1.34 25.29 26.63 NOTE
r-devel-linux-x86_64-fedora-clang 0.1.12 47.12 OK
r-devel-linux-x86_64-fedora-gcc 0.1.12 63.65 OK
r-devel-windows-x86_64 0.1.12 3.00 80.00 83.00 OK
r-patched-linux-x86_64 0.1.12 1.60 30.36 31.96 OK
r-release-linux-x86_64 0.1.12 1.62 30.27 31.89 OK
r-release-macos-arm64 0.1.12 1.00 25.00 26.00 OK
r-release-macos-x86_64 0.1.12 2.00 47.00 49.00 OK
r-release-windows-x86_64 0.1.12 4.00 79.00 83.00 OK
r-oldrel-macos-arm64 0.1.12 1.00 26.00 27.00 OK
r-oldrel-macos-x86_64 0.1.12 1.00 39.00 40.00 OK
r-oldrel-windows-x86_64 0.1.12 2.00 78.00 80.00 OK

Check Details

Version: 0.1.12
Check: CRAN incoming feasibility
Result: NOTE Maintainer: ‘Christian Panse <[email protected]>’ No Authors@R field in DESCRIPTION. Please add one, modifying Authors@R: c(person(given = "Christian", family = "Panse", role = c("aut", "cre"), email = "[email protected]"), person(given = "Ermir", family = "Qeli", role = "aut", email = "[email protected]")) as necessary. Flavors: r-devel-linux-x86_64-debian-clang, r-devel-linux-x86_64-debian-gcc