Last updated on 2025-11-05 07:50:40 CET.
| Flavor | Version | Tinstall | Tcheck | Ttotal | Status | Flags |
|---|---|---|---|---|---|---|
| r-devel-linux-x86_64-debian-clang | 0.9.6 | 1.85 | 135.64 | 137.49 | NOTE | |
| r-devel-linux-x86_64-debian-gcc | 0.9.6 | 1.70 | 84.08 | 85.78 | NOTE | |
| r-devel-linux-x86_64-fedora-clang | 0.9.6 | 220.68 | OK | |||
| r-devel-linux-x86_64-fedora-gcc | 0.9.6 | 229.50 | OK | |||
| r-devel-windows-x86_64 | 0.9.6 | 4.00 | 129.00 | 133.00 | OK | |
| r-patched-linux-x86_64 | 0.9.6 | 2.17 | 133.30 | 135.47 | OK | |
| r-release-linux-x86_64 | 0.9.6 | 1.94 | 130.63 | 132.57 | OK | |
| r-release-macos-arm64 | 0.9.6 | 1.00 | 55.00 | 56.00 | OK | |
| r-release-macos-x86_64 | 0.9.6 | 3.00 | 140.00 | 143.00 | OK | |
| r-release-windows-x86_64 | 0.9.6 | 3.00 | 133.00 | 136.00 | OK | |
| r-oldrel-macos-arm64 | 0.9.6 | 1.00 | 57.00 | 58.00 | OK | |
| r-oldrel-macos-x86_64 | 0.9.6 | 3.00 | 103.00 | 106.00 | OK | |
| r-oldrel-windows-x86_64 | 0.9.6 | 3.00 | 133.00 | 136.00 | OK |
Version: 0.9.6
Check: CRAN incoming feasibility
Result: NOTE
Maintainer: ‘Benjamin Blonder <[email protected]>’
No Authors@R field in DESCRIPTION.
Please add one, modifying
Authors@R: person(given = "Benjamin",
family = "Blonder",
role = c("aut", "cre"),
email = "[email protected]")
as necessary.
Flavors: r-devel-linux-x86_64-debian-clang, r-devel-linux-x86_64-debian-gcc