CRAN Package Check Results for Package costsensitive

Last updated on 2025-11-05 07:50:40 CET.

Flavor Version Tinstall Tcheck Ttotal Status Flags
r-devel-linux-x86_64-debian-clang 0.1.2.10 3.28 21.14 24.42 NOTE
r-devel-linux-x86_64-debian-gcc 0.1.2.10 2.43 17.93 20.36 NOTE
r-devel-linux-x86_64-fedora-clang 0.1.2.10 34.30 OK
r-devel-linux-x86_64-fedora-gcc 0.1.2.10 34.56 OK
r-devel-windows-x86_64 0.1.2.10 6.00 46.00 52.00 OK
r-patched-linux-x86_64 0.1.2.10 3.13 20.11 23.24 OK
r-release-linux-x86_64 0.1.2.10 2.61 20.10 22.71 OK
r-release-macos-arm64 0.1.2.10 3.00 14.00 17.00 OK
r-release-macos-x86_64 0.1.2.10 4.00 22.00 26.00 OK
r-release-windows-x86_64 0.1.2.10 7.00 43.00 50.00 OK
r-oldrel-macos-arm64 0.1.2.10 2.00 11.00 13.00 OK
r-oldrel-macos-x86_64 0.1.2.10 3.00 20.00 23.00 OK
r-oldrel-windows-x86_64 0.1.2.10 6.00 45.00 51.00 OK

Check Details

Version: 0.1.2.10
Check: CRAN incoming feasibility
Result: NOTE Maintainer: ‘David Cortes <[email protected]>’ No Authors@R field in DESCRIPTION. Please add one, modifying Authors@R: person(given = "David", family = "Cortes", role = c("aut", "cre"), email = "[email protected]") as necessary. Flavors: r-devel-linux-x86_64-debian-clang, r-devel-linux-x86_64-debian-gcc