Last updated on 2025-11-05 07:50:40 CET.
| Flavor | Version | Tinstall | Tcheck | Ttotal | Status | Flags |
|---|---|---|---|---|---|---|
| r-devel-linux-x86_64-debian-clang | 1.1-2 | 2.23 | 22.29 | 24.52 | NOTE | |
| r-devel-linux-x86_64-debian-gcc | 1.1-2 | 1.63 | 17.56 | 19.19 | NOTE | |
| r-devel-linux-x86_64-fedora-clang | 1.1-2 | 34.34 | OK | |||
| r-devel-linux-x86_64-fedora-gcc | 1.1-2 | 33.98 | OK | |||
| r-devel-windows-x86_64 | 1.1-2 | 4.00 | 43.00 | 47.00 | OK | |
| r-patched-linux-x86_64 | 1.1-2 | 2.58 | 21.16 | 23.74 | OK | |
| r-release-linux-x86_64 | 1.1-2 | 2.06 | 20.91 | 22.97 | OK | |
| r-release-macos-arm64 | 1.1-2 | 1.00 | 16.00 | 17.00 | OK | |
| r-release-macos-x86_64 | 1.1-2 | 2.00 | 23.00 | 25.00 | OK | |
| r-release-windows-x86_64 | 1.1-2 | 4.00 | 43.00 | 47.00 | OK | |
| r-oldrel-macos-arm64 | 1.1-2 | 1.00 | 14.00 | 15.00 | OK | |
| r-oldrel-macos-x86_64 | 1.1-2 | 2.00 | 20.00 | 22.00 | OK | |
| r-oldrel-windows-x86_64 | 1.1-2 | 3.00 | 44.00 | 47.00 | OK |
Version: 1.1-2
Check: CRAN incoming feasibility
Result: NOTE
Maintainer: ‘Jim Lemon <[email protected]>’
No Authors@R field in DESCRIPTION.
Please add one, modifying
Authors@R: c(person(given = "Jim",
family = "Lemon,",
role = "aut",
email = "[email protected]"),
person(given = "Jim",
family = "Lemon",
role = "cre",
email = "[email protected]"))
as necessary.
Flavors: r-devel-linux-x86_64-debian-clang, r-devel-linux-x86_64-debian-gcc