CRAN Package Check Results for Package cryptoverse

Last updated on 2025-11-05 07:50:40 CET.

Flavor Version Tinstall Tcheck Ttotal Status Flags
r-devel-linux-x86_64-debian-clang 0.1.0 1.33 17.97 19.30 NOTE
r-devel-linux-x86_64-debian-gcc 0.1.0 1.43 15.17 16.60 NOTE
r-devel-linux-x86_64-fedora-clang 0.1.0 28.55 OK
r-devel-linux-x86_64-fedora-gcc 0.1.0 28.22 OK
r-devel-windows-x86_64 0.1.0 3.00 33.00 36.00 OK
r-patched-linux-x86_64 0.1.0 1.74 17.04 18.78 OK
r-release-linux-x86_64 0.1.0 1.80 17.09 18.89 OK
r-release-macos-arm64 0.1.0 1.00 14.00 15.00 OK
r-release-macos-x86_64 0.1.0 2.00 19.00 21.00 OK
r-release-windows-x86_64 0.1.0 3.00 32.00 35.00 OK
r-oldrel-macos-arm64 0.1.0 1.00 13.00 14.00 OK
r-oldrel-macos-x86_64 0.1.0 2.00 18.00 20.00 OK
r-oldrel-windows-x86_64 0.1.0 4.00 33.00 37.00 OK

Check Details

Version: 0.1.0
Check: CRAN incoming feasibility
Result: NOTE Maintainer: ‘Vivian R. Steiger <[email protected]>’ No Authors@R field in DESCRIPTION. Please add one, modifying Authors@R: person(given = c("Vivian", "R."), family = "Steiger", role = c("aut", "cre"), email = "[email protected]") as necessary. Flavors: r-devel-linux-x86_64-debian-clang, r-devel-linux-x86_64-debian-gcc