CRAN Package Check Results for Package cspec

Last updated on 2025-11-05 07:50:40 CET.

Flavor Version Tinstall Tcheck Ttotal Status Flags
r-devel-linux-x86_64-debian-clang 0.1.2 1.72 18.81 20.53 NOTE
r-devel-linux-x86_64-debian-gcc 0.1.2 1.42 15.86 17.28 NOTE
r-devel-linux-x86_64-fedora-clang 0.1.2 29.00 OK
r-devel-linux-x86_64-fedora-gcc 0.1.2 29.28 OK
r-devel-windows-x86_64 0.1.2 4.00 34.00 38.00 OK
r-patched-linux-x86_64 0.1.2 1.33 18.03 19.36 OK
r-release-linux-x86_64 0.1.2 1.63 17.96 19.59 OK
r-release-macos-arm64 0.1.2 1.00 14.00 15.00 OK
r-release-macos-x86_64 0.1.2 2.00 19.00 21.00 OK
r-release-windows-x86_64 0.1.2 2.00 34.00 36.00 OK
r-oldrel-macos-arm64 0.1.2 1.00 13.00 14.00 OK
r-oldrel-macos-x86_64 0.1.2 1.00 19.00 20.00 OK
r-oldrel-windows-x86_64 0.1.2 2.00 36.00 38.00 OK

Check Details

Version: 0.1.2
Check: CRAN incoming feasibility
Result: NOTE Maintainer: ‘Junho Yang <[email protected]>’ No Authors@R field in DESCRIPTION. Please add one, modifying Authors@R: person(given = "Junho", family = "Yang", role = c("aut", "cre"), email = "[email protected]") as necessary. Flavors: r-devel-linux-x86_64-debian-clang, r-devel-linux-x86_64-debian-gcc