CRAN Package Check Results for Package deep

Last updated on 2025-11-05 07:50:41 CET.

Flavor Version Tinstall Tcheck Ttotal Status Flags
r-devel-linux-x86_64-debian-clang 0.1.0 2.52 23.52 26.04 NOTE
r-devel-linux-x86_64-debian-gcc 0.1.0 1.82 19.80 21.62 NOTE
r-devel-linux-x86_64-fedora-clang 0.1.0 37.89 OK
r-devel-linux-x86_64-fedora-gcc 0.1.0 36.50 OK
r-devel-windows-x86_64 0.1.0 3.00 47.00 50.00 OK
r-patched-linux-x86_64 0.1.0 2.15 22.36 24.51 OK
r-release-linux-x86_64 0.1.0 2.10 22.23 24.33 OK
r-release-macos-arm64 0.1.0 1.00 17.00 18.00 OK
r-release-macos-x86_64 0.1.0 2.00 25.00 27.00 OK
r-release-windows-x86_64 0.1.0 3.00 46.00 49.00 OK
r-oldrel-macos-arm64 0.1.0 1.00 15.00 16.00 NOTE
r-oldrel-macos-x86_64 0.1.0 2.00 24.00 26.00 NOTE
r-oldrel-windows-x86_64 0.1.0 3.00 47.00 50.00 NOTE

Check Details

Version: 0.1.0
Check: CRAN incoming feasibility
Result: NOTE Maintainer: ‘Brian <[email protected]>’ No Authors@R field in DESCRIPTION. Please add one, modifying Authors@R: c(person(given = c("Brian", "Lee"), family = "Mayer", role = "aut"), person(family = "Brian", role = "cre", email = "[email protected]")) as necessary. Flavors: r-devel-linux-x86_64-debian-clang, r-devel-linux-x86_64-debian-gcc

Version: 0.1.0
Check: LazyData
Result: NOTE 'LazyData' is specified without a 'data' directory Flavors: r-oldrel-macos-arm64, r-oldrel-macos-x86_64, r-oldrel-windows-x86_64