Last updated on 2025-11-05 07:50:41 CET.
| Flavor | Version | Tinstall | Tcheck | Ttotal | Status | Flags |
|---|---|---|---|---|---|---|
| r-devel-linux-x86_64-debian-clang | 0.6.0 | 3.63 | 30.42 | 34.05 | NOTE | |
| r-devel-linux-x86_64-debian-gcc | 0.6.0 | 2.71 | 23.48 | 26.19 | NOTE | |
| r-devel-linux-x86_64-fedora-clang | 0.6.0 | 50.51 | OK | |||
| r-devel-linux-x86_64-fedora-gcc | 0.6.0 | 47.37 | OK | |||
| r-devel-windows-x86_64 | 0.6.0 | 6.00 | 46.00 | 52.00 | OK | |
| r-patched-linux-x86_64 | 0.6.0 | 3.83 | 28.70 | 32.53 | OK | |
| r-release-linux-x86_64 | 0.6.0 | 3.45 | 28.23 | 31.68 | OK | |
| r-release-macos-arm64 | 0.6.0 | 2.00 | 17.00 | 19.00 | OK | |
| r-release-macos-x86_64 | 0.6.0 | 3.00 | 27.00 | 30.00 | OK | |
| r-release-windows-x86_64 | 0.6.0 | 4.00 | 46.00 | 50.00 | OK | |
| r-oldrel-macos-arm64 | 0.6.0 | 2.00 | 16.00 | 18.00 | OK | |
| r-oldrel-macos-x86_64 | 0.6.0 | 3.00 | 24.00 | 27.00 | OK | |
| r-oldrel-windows-x86_64 | 0.6.0 | 4.00 | 47.00 | 51.00 | OK |
Version: 0.6.0
Check: CRAN incoming feasibility
Result: NOTE
Maintainer: ‘Hana Sevcikova <[email protected]>’
No Authors@R field in DESCRIPTION.
Please add one, modifying
Authors@R: c(person(given = c("James", "Holland"),
family = "Jones",
role = "aut",
email = "[email protected]"),
person(given = "Jim",
family = "Oeppen",
role = "ctb"),
person(given = "Hana",
family = "Sevcikova",
role = "cre",
email = "[email protected]"))
as necessary.
Package CITATION file contains call(s) to old-style personList() or
as.personList(). Please use c() on person objects instead.
Package CITATION file contains call(s) to old-style citEntry(). Please
use bibentry() instead.
Flavors: r-devel-linux-x86_64-debian-clang, r-devel-linux-x86_64-debian-gcc