CRAN Package Check Results for Package digitalPCR

Last updated on 2025-11-05 07:50:41 CET.

Flavor Version Tinstall Tcheck Ttotal Status Flags
r-devel-linux-x86_64-debian-clang 1.1.0 1.56 19.95 21.51 NOTE
r-devel-linux-x86_64-debian-gcc 1.1.0 1.40 15.14 16.54 NOTE
r-devel-linux-x86_64-fedora-clang 1.1.0 30.82 OK
r-devel-linux-x86_64-fedora-gcc 1.1.0 29.14 OK
r-devel-windows-x86_64 1.1.0 4.00 37.00 41.00 OK
r-patched-linux-x86_64 1.1.0 1.55 18.07 19.62 OK
r-release-linux-x86_64 1.1.0 1.46 18.23 19.69 OK
r-release-macos-arm64 1.1.0 1.00 15.00 16.00 OK
r-release-macos-x86_64 1.1.0 2.00 23.00 25.00 OK
r-release-windows-x86_64 1.1.0 3.00 36.00 39.00 OK
r-oldrel-macos-arm64 1.1.0 1.00 13.00 14.00 OK
r-oldrel-macos-x86_64 1.1.0 1.00 20.00 21.00 OK
r-oldrel-windows-x86_64 1.1.0 3.00 38.00 41.00 OK

Check Details

Version: 1.1.0
Check: CRAN incoming feasibility
Result: NOTE Maintainer: ‘Xutao Deng <[email protected]>’ No Authors@R field in DESCRIPTION. Please add one, modifying Authors@R: person(given = "Xutao", family = "Deng", role = c("aut", "cre"), email = "[email protected]") as necessary. Flavors: r-devel-linux-x86_64-debian-clang, r-devel-linux-x86_64-debian-gcc