Last updated on 2025-11-05 07:50:41 CET.
| Flavor | Version | Tinstall | Tcheck | Ttotal | Status | Flags |
|---|---|---|---|---|---|---|
| r-devel-linux-x86_64-debian-clang | 1.1 | 1.80 | 18.52 | 20.32 | NOTE | |
| r-devel-linux-x86_64-debian-gcc | 1.1 | 1.35 | 14.98 | 16.33 | NOTE | |
| r-devel-linux-x86_64-fedora-clang | 1.1 | 29.67 | OK | |||
| r-devel-linux-x86_64-fedora-gcc | 1.1 | 27.70 | OK | |||
| r-devel-windows-x86_64 | 1.1 | 3.00 | 32.00 | 35.00 | OK | |
| r-patched-linux-x86_64 | 1.1 | 1.54 | 17.26 | 18.80 | OK | |
| r-release-linux-x86_64 | 1.1 | 1.41 | 17.26 | 18.67 | OK | |
| r-release-macos-arm64 | 1.1 | 1.00 | 12.00 | 13.00 | OK | |
| r-release-macos-x86_64 | 1.1 | 2.00 | 20.00 | 22.00 | OK | |
| r-release-windows-x86_64 | 1.1 | 2.00 | 32.00 | 34.00 | OK | |
| r-oldrel-macos-arm64 | 1.1 | 1.00 | 13.00 | 14.00 | NOTE | |
| r-oldrel-macos-x86_64 | 1.1 | 1.00 | 20.00 | 21.00 | NOTE | |
| r-oldrel-windows-x86_64 | 1.1 | 4.00 | 33.00 | 37.00 | NOTE |
Version: 1.1
Check: CRAN incoming feasibility
Result: NOTE
Maintainer: ‘James McVittie <[email protected]>’
No Authors@R field in DESCRIPTION.
Please add one, modifying
Authors@R: person(given = "James",
family = "McVittie",
role = c("aut", "cre"),
email = "[email protected]")
as necessary.
Flavors: r-devel-linux-x86_64-debian-clang, r-devel-linux-x86_64-debian-gcc
Version: 1.1
Check: LazyData
Result: NOTE
'LazyData' is specified without a 'data' directory
Flavors: r-oldrel-macos-arm64, r-oldrel-macos-x86_64, r-oldrel-windows-x86_64