CRAN Package Check Results for Package elexr

Last updated on 2025-11-05 07:50:42 CET.

Flavor Version Tinstall Tcheck Ttotal Status Flags
r-devel-linux-x86_64-debian-clang 1.0 1.54 18.08 19.62 NOTE
r-devel-linux-x86_64-debian-gcc 1.0 1.25 14.81 16.06 NOTE
r-devel-linux-x86_64-fedora-clang 1.0 28.12 OK
r-devel-linux-x86_64-fedora-gcc 1.0 26.72 OK
r-devel-windows-x86_64 1.0 3.00 40.00 43.00 OK
r-patched-linux-x86_64 1.0 1.51 16.65 18.16 OK
r-release-linux-x86_64 1.0 1.33 16.23 17.56 OK
r-release-macos-arm64 1.0 1.00 15.00 16.00 OK
r-release-macos-x86_64 1.0 2.00 28.00 30.00 OK
r-release-windows-x86_64 1.0 3.00 38.00 41.00 OK
r-oldrel-macos-arm64 1.0 1.00 15.00 16.00 OK
r-oldrel-macos-x86_64 1.0 1.00 19.00 20.00 OK
r-oldrel-windows-x86_64 1.0 3.00 36.00 39.00 OK

Check Details

Version: 1.0
Check: CRAN incoming feasibility
Result: NOTE Maintainer: ‘Geoff Hing <[email protected]>’ No Authors@R field in DESCRIPTION. Please add one, modifying Authors@R: person(given = "Geoff", family = "Hing", role = c("aut", "cre"), email = "[email protected]") as necessary. The Description field contains (https://github.com/newsdev/elex/), a Python package and command line Please enclose URLs in angle brackets (<...>). Flavors: r-devel-linux-x86_64-debian-clang, r-devel-linux-x86_64-debian-gcc