CRAN Package Check Results for Package ergmharris

Last updated on 2025-11-05 07:50:42 CET.

Flavor Version Tinstall Tcheck Ttotal Status Flags
r-devel-linux-x86_64-debian-clang 1.0 1.00 13.77 14.77 NOTE
r-devel-linux-x86_64-debian-gcc 1.0 0.82 11.47 12.29 NOTE
r-devel-linux-x86_64-fedora-clang 1.0 21.40 OK
r-devel-linux-x86_64-fedora-gcc 1.0 21.22 OK
r-devel-windows-x86_64 1.0 2.00 29.00 31.00 OK
r-patched-linux-x86_64 1.0 1.34 13.09 14.43 OK
r-release-linux-x86_64 1.0 1.12 12.94 14.06 OK
r-release-macos-arm64 1.0 1.00 12.00 13.00 OK
r-release-macos-x86_64 1.0 2.00 23.00 25.00 OK
r-release-windows-x86_64 1.0 2.00 28.00 30.00 OK
r-oldrel-macos-arm64 1.0 1.00 10.00 11.00 OK
r-oldrel-macos-x86_64 1.0 1.00 14.00 15.00 OK
r-oldrel-windows-x86_64 1.0 3.00 31.00 34.00 OK

Check Details

Version: 1.0
Check: CRAN incoming feasibility
Result: NOTE Maintainer: ‘Jenine K. Harris <[email protected]>’ No Authors@R field in DESCRIPTION. Please add one, modifying Authors@R: person(given = c("Jenine", "K."), family = "Harris", role = c("aut", "cre"), email = "[email protected]") as necessary. Flavors: r-devel-linux-x86_64-debian-clang, r-devel-linux-x86_64-debian-gcc