CRAN Package Check Results for Package exteriorMatch

Last updated on 2025-11-05 07:50:43 CET.

Flavor Version Tinstall Tcheck Ttotal Status Flags
r-devel-linux-x86_64-debian-clang 1.0.0 1.49 19.03 20.52 NOTE
r-devel-linux-x86_64-debian-gcc 1.0.0 1.39 15.97 17.36 NOTE
r-devel-linux-x86_64-fedora-clang 1.0.0 29.79 OK
r-devel-linux-x86_64-fedora-gcc 1.0.0 28.42 OK
r-devel-windows-x86_64 1.0.0 3.00 39.00 42.00 OK
r-patched-linux-x86_64 1.0.0 1.60 18.20 19.80 OK
r-release-linux-x86_64 1.0.0 1.38 18.15 19.53 OK
r-release-macos-arm64 1.0.0 1.00 15.00 16.00 OK
r-release-macos-x86_64 1.0.0 1.00 22.00 23.00 OK
r-release-windows-x86_64 1.0.0 2.00 39.00 41.00 OK
r-oldrel-macos-arm64 1.0.0 1.00 13.00 14.00 NOTE
r-oldrel-macos-x86_64 1.0.0 2.00 22.00 24.00 NOTE
r-oldrel-windows-x86_64 1.0.0 3.00 40.00 43.00 NOTE

Check Details

Version: 1.0.0
Check: CRAN incoming feasibility
Result: NOTE Maintainer: ‘Paul R. Rosenbaum <[email protected]>’ No Authors@R field in DESCRIPTION. Please add one, modifying Authors@R: person(given = c("Paul", "R."), family = "Rosenbaum", role = c("aut", "cre"), email = "[email protected]") as necessary. Flavors: r-devel-linux-x86_64-debian-clang, r-devel-linux-x86_64-debian-gcc

Version: 1.0.0
Check: LazyData
Result: NOTE 'LazyData' is specified without a 'data' directory Flavors: r-oldrel-macos-arm64, r-oldrel-macos-x86_64, r-oldrel-windows-x86_64