Last updated on 2025-11-05 07:50:43 CET.
| Flavor | Version | Tinstall | Tcheck | Ttotal | Status | Flags |
|---|---|---|---|---|---|---|
| r-devel-linux-x86_64-debian-clang | 0.3 | 2.67 | 31.54 | 34.21 | NOTE | |
| r-devel-linux-x86_64-debian-gcc | 0.3 | 2.11 | 23.89 | 26.00 | NOTE | |
| r-devel-linux-x86_64-fedora-clang | 0.3 | 52.30 | OK | |||
| r-devel-linux-x86_64-fedora-gcc | 0.3 | 50.24 | OK | |||
| r-devel-windows-x86_64 | 0.3 | 5.00 | 49.00 | 54.00 | OK | |
| r-patched-linux-x86_64 | 0.3 | 3.29 | 30.01 | 33.30 | OK | |
| r-release-linux-x86_64 | 0.3 | 2.93 | 29.63 | 32.56 | OK | |
| r-release-macos-arm64 | 0.3 | 2.00 | 18.00 | 20.00 | OK | |
| r-release-macos-x86_64 | 0.3 | 2.00 | 29.00 | 31.00 | OK | |
| r-release-windows-x86_64 | 0.3 | 4.00 | 48.00 | 52.00 | OK | |
| r-oldrel-macos-arm64 | 0.3 | 1.00 | 16.00 | 17.00 | OK | |
| r-oldrel-macos-x86_64 | 0.3 | 2.00 | 26.00 | 28.00 | OK | |
| r-oldrel-windows-x86_64 | 0.3 | 4.00 | 50.00 | 54.00 | OK |
Version: 0.3
Check: CRAN incoming feasibility
Result: NOTE
Maintainer: ‘B N Mandal <[email protected]>’
No Authors@R field in DESCRIPTION.
Please add one, modifying
Authors@R: c(person(given = c("B", "N"),
family = "Mandal",
role = c("aut", "cre"),
email = "[email protected]"),
person(given = "Jun",
family = "Ma",
role = "aut",
email = "[email protected]"))
as necessary.
Flavors: r-devel-linux-x86_64-debian-clang, r-devel-linux-x86_64-debian-gcc