CRAN Package Check Results for Package falconx

Last updated on 2025-11-05 07:50:43 CET.

Flavor Version Tinstall Tcheck Ttotal Status Flags
r-devel-linux-x86_64-debian-clang 0.2 3.32 22.66 25.98 NOTE
r-devel-linux-x86_64-debian-gcc 0.2 2.40 18.40 20.80 NOTE
r-devel-linux-x86_64-fedora-clang 0.2 39.02 OK
r-devel-linux-x86_64-fedora-gcc 0.2 36.88 OK
r-devel-windows-x86_64 0.2 5.00 39.00 44.00 OK
r-patched-linux-x86_64 0.2 3.25 21.68 24.93 OK
r-release-linux-x86_64 0.2 3.22 21.72 24.94 OK
r-release-macos-arm64 0.2 3.00 14.00 17.00 OK
r-release-macos-x86_64 0.2 5.00 22.00 27.00 OK
r-release-windows-x86_64 0.2 7.00 40.00 47.00 OK
r-oldrel-macos-arm64 0.2 3.00 13.00 16.00 OK
r-oldrel-macos-x86_64 0.2 4.00 19.00 23.00 OK
r-oldrel-windows-x86_64 0.2 6.00 40.00 46.00 OK

Check Details

Version: 0.2
Check: CRAN incoming feasibility
Result: NOTE Maintainer: ‘Hao Chen <[email protected]>’ No Authors@R field in DESCRIPTION. Please add one, modifying Authors@R: c(person(given = "Hao", family = "Chen", role = c("aut", "cre"), email = "[email protected]"), person(given = c("Nancy", "R."), family = "Zhang", role = "aut")) as necessary. Flavors: r-devel-linux-x86_64-debian-clang, r-devel-linux-x86_64-debian-gcc