CRAN Package Check Results for Package favnums

Last updated on 2025-11-05 07:50:43 CET.

Flavor Version Tinstall Tcheck Ttotal Status Flags
r-devel-linux-x86_64-debian-clang 1.0.0 1.38 17.90 19.28 NOTE
r-devel-linux-x86_64-debian-gcc 1.0.0 1.20 14.82 16.02 NOTE
r-devel-linux-x86_64-fedora-clang 1.0.0 27.81 OK
r-devel-linux-x86_64-fedora-gcc 1.0.0 26.56 OK
r-devel-windows-x86_64 1.0.0 4.00 33.00 37.00 OK
r-patched-linux-x86_64 1.0.0 1.62 16.71 18.33 OK
r-release-linux-x86_64 1.0.0 1.33 16.65 17.98 OK
r-release-macos-arm64 1.0.0 1.00 13.00 14.00 OK
r-release-macos-x86_64 1.0.0 1.00 22.00 23.00 OK
r-release-windows-x86_64 1.0.0 3.00 39.00 42.00 OK
r-oldrel-macos-arm64 1.0.0 1.00 12.00 13.00 OK
r-oldrel-macos-x86_64 1.0.0 2.00 22.00 24.00 OK
r-oldrel-windows-x86_64 1.0.0 2.00 35.00 37.00 OK

Check Details

Version: 1.0.0
Check: CRAN incoming feasibility
Result: NOTE Maintainer: ‘Oliver Keyes <[email protected]>’ No Authors@R field in DESCRIPTION. Please add one, modifying Authors@R: c(person(given = "Oliver", family = "Keyes", role = c("aut", "cre"), email = "[email protected]"), person(given = "Alex", family = "Bellos", role = "cph")) as necessary. Found the following (possibly) invalid file URI: URI: CONDUCT.md From: README.md The Description field contains (http://pages.bloomsbury.com/favouritenumber). Please enclose URLs in angle brackets (<...>). Flavors: r-devel-linux-x86_64-debian-clang, r-devel-linux-x86_64-debian-gcc