CRAN Package Check Results for Package fpest

Last updated on 2025-11-05 07:50:44 CET.

Flavor Version Tinstall Tcheck Ttotal Status Flags
r-devel-linux-x86_64-debian-clang 0.1.1 1.44 17.26 18.70 NOTE
r-devel-linux-x86_64-debian-gcc 0.1.1 1.31 14.23 15.54 NOTE
r-devel-linux-x86_64-fedora-clang 0.1.1 28.59 OK
r-devel-linux-x86_64-fedora-gcc 0.1.1 26.12 OK
r-devel-windows-x86_64 0.1.1 2.00 31.00 33.00 OK
r-patched-linux-x86_64 0.1.1 1.52 16.40 17.92 OK
r-release-linux-x86_64 0.1.1 1.44 16.38 17.82 OK
r-release-macos-arm64 0.1.1 1.00 13.00 14.00 OK
r-release-macos-x86_64 0.1.1 2.00 20.00 22.00 OK
r-release-windows-x86_64 0.1.1 2.00 32.00 34.00 OK
r-oldrel-macos-arm64 0.1.1 1.00 13.00 14.00 NOTE
r-oldrel-macos-x86_64 0.1.1 2.00 19.00 21.00 NOTE
r-oldrel-windows-x86_64 0.1.1 3.00 33.00 36.00 NOTE

Check Details

Version: 0.1.1
Check: CRAN incoming feasibility
Result: NOTE Maintainer: ‘S.Sampath <[email protected]>’ No Authors@R field in DESCRIPTION. Please add one, modifying Authors@R: person(family = "S.Sampath", role = c("aut", "cre"), email = "[email protected]") as necessary. Flavors: r-devel-linux-x86_64-debian-clang, r-devel-linux-x86_64-debian-gcc

Version: 0.1.1
Check: LazyData
Result: NOTE 'LazyData' is specified without a 'data' directory Flavors: r-oldrel-macos-arm64, r-oldrel-macos-x86_64, r-oldrel-windows-x86_64