CRAN Package Check Results for Package fptdApprox

Last updated on 2025-11-05 07:50:44 CET.

Flavor Version Tinstall Tcheck Ttotal Status Flags
r-devel-linux-x86_64-debian-clang 2.5 5.03 44.80 49.83 NOTE
r-devel-linux-x86_64-debian-gcc 2.5 4.09 31.44 35.53 NOTE
r-devel-linux-x86_64-fedora-clang 2.5 24.00 60.17 84.17 OK
r-devel-linux-x86_64-fedora-gcc 2.5 12.00 60.23 72.23 OK
r-devel-windows-x86_64 2.5 7.00 56.00 63.00 OK
r-patched-linux-x86_64 2.5 6.59 41.95 48.54 OK
r-release-linux-x86_64 2.5 5.81 42.01 47.82 OK
r-release-macos-arm64 2.5 3.00 21.00 24.00 OK
r-release-macos-x86_64 2.5 6.00 37.00 43.00 OK
r-release-windows-x86_64 2.5 7.00 56.00 63.00 OK
r-oldrel-macos-arm64 2.5 3.00 20.00 23.00 OK
r-oldrel-macos-x86_64 2.5 5.00 30.00 35.00 OK
r-oldrel-windows-x86_64 2.5 7.00 57.00 64.00 OK

Check Details

Version: 2.5
Check: CRAN incoming feasibility
Result: NOTE Maintainer: ‘Juan J. Serrano-Perez <[email protected]>’ No Authors@R field in DESCRIPTION. Please add one, modifying Authors@R: c(person(given = "Patricia", family = "Roman-Roman", role = "aut"), person(given = c("Juan", "J."), family = "Serrano-Perez", role = c("aut", "cre"), email = "[email protected]"), person(given = "Francisco", family = "Torres-Ruiz.", role = "aut")) as necessary. Flavors: r-devel-linux-x86_64-debian-clang, r-devel-linux-x86_64-debian-gcc