CRAN Package Check Results for Package frapplot

Last updated on 2025-11-05 07:50:44 CET.

Flavor Version Tinstall Tcheck Ttotal Status Flags
r-devel-linux-x86_64-debian-clang 0.1.3 1.44 19.48 20.92 NOTE
r-devel-linux-x86_64-debian-gcc 0.1.3 1.48 15.94 17.42 NOTE
r-devel-linux-x86_64-fedora-clang 0.1.3 32.10 NOTE
r-devel-linux-x86_64-fedora-gcc 0.1.3 29.35 NOTE
r-devel-windows-x86_64 0.1.3 3.00 40.00 43.00 OK
r-patched-linux-x86_64 0.1.3 1.83 18.64 20.47 OK
r-release-linux-x86_64 0.1.3 1.79 18.52 20.31 OK
r-release-macos-arm64 0.1.3 1.00 16.00 17.00 OK
r-release-macos-x86_64 0.1.3 2.00 21.00 23.00 OK
r-release-windows-x86_64 0.1.3 3.00 38.00 41.00 OK
r-oldrel-macos-arm64 0.1.3 1.00 14.00 15.00 OK
r-oldrel-macos-x86_64 0.1.3 2.00 18.00 20.00 OK
r-oldrel-windows-x86_64 0.1.3 2.00 38.00 40.00 OK

Check Details

Version: 0.1.3
Check: CRAN incoming feasibility
Result: NOTE Maintainer: ‘Guanqiao Ding <[email protected]>’ No Authors@R field in DESCRIPTION. Please add one, modifying Authors@R: person(given = "Guanqiao", family = "Ding", role = c("aut", "cre"), email = "[email protected]") as necessary. Flavors: r-devel-linux-x86_64-debian-clang, r-devel-linux-x86_64-debian-gcc

Version: 0.1.3
Check: dependencies in R code
Result: NOTE Namespace in Imports field not imported from: ‘utils’ All declared Imports should be used. Flavors: r-devel-linux-x86_64-fedora-clang, r-devel-linux-x86_64-fedora-gcc