Last updated on 2025-11-05 07:50:44 CET.
| Flavor | Version | Tinstall | Tcheck | Ttotal | Status | Flags |
|---|---|---|---|---|---|---|
| r-devel-linux-x86_64-debian-clang | 1.1.1 | 2.09 | 23.71 | 25.80 | NOTE | |
| r-devel-linux-x86_64-debian-gcc | 1.1.1 | 1.51 | 19.44 | 20.95 | NOTE | |
| r-devel-linux-x86_64-fedora-clang | 1.1.1 | 38.43 | NOTE | |||
| r-devel-linux-x86_64-fedora-gcc | 1.1.1 | 35.61 | NOTE | |||
| r-devel-windows-x86_64 | 1.1.1 | 4.00 | 43.00 | 47.00 | NOTE | |
| r-patched-linux-x86_64 | 1.1.1 | 2.40 | 22.38 | 24.78 | NOTE | |
| r-release-linux-x86_64 | 1.1.1 | 1.88 | 22.53 | 24.41 | NOTE | |
| r-release-macos-arm64 | 1.1.1 | 1.00 | 17.00 | 18.00 | NOTE | |
| r-release-macos-x86_64 | 1.1.1 | 2.00 | 24.00 | 26.00 | NOTE | |
| r-release-windows-x86_64 | 1.1.1 | 3.00 | 40.00 | 43.00 | NOTE | |
| r-oldrel-macos-arm64 | 1.1.1 | 1.00 | 15.00 | 16.00 | NOTE | |
| r-oldrel-macos-x86_64 | 1.1.1 | 2.00 | 22.00 | 24.00 | NOTE | |
| r-oldrel-windows-x86_64 | 1.1.1 | 3.00 | 41.00 | 44.00 | NOTE |
Version: 1.1.1
Check: CRAN incoming feasibility
Result: NOTE
Maintainer: ‘Michela Battauz <[email protected]>’
No Authors@R field in DESCRIPTION.
Please add one, modifying
Authors@R: person(given = "Michela",
family = "Battauz",
role = c("aut", "cre"),
email = "[email protected]")
as necessary.
Flavors: r-devel-linux-x86_64-debian-clang, r-devel-linux-x86_64-debian-gcc
Version: 1.1.1
Check: Rd files
Result: NOTE
checkRd: (-1) report.Rd:18: Lost braces; missing escapes or markup?
18 | \item{las}{numeric in {0,1,2,3}; the style of axis labels (see \code{\link{par}}).}
| ^
Flavors: r-devel-linux-x86_64-debian-clang, r-devel-linux-x86_64-debian-gcc, r-devel-linux-x86_64-fedora-clang, r-devel-linux-x86_64-fedora-gcc, r-devel-windows-x86_64, r-patched-linux-x86_64, r-release-linux-x86_64, r-release-macos-arm64, r-release-macos-x86_64, r-release-windows-x86_64, r-oldrel-macos-arm64, r-oldrel-macos-x86_64, r-oldrel-windows-x86_64