CRAN Package Check Results for Package fuel

Last updated on 2025-11-05 07:50:44 CET.

Flavor Version Tinstall Tcheck Ttotal Status Flags
r-devel-linux-x86_64-debian-clang 1.2.0 2.66 25.48 28.14 NOTE
r-devel-linux-x86_64-debian-gcc 1.2.0 1.72 20.32 22.04 NOTE
r-devel-linux-x86_64-fedora-clang 1.2.0 40.96 OK
r-devel-linux-x86_64-fedora-gcc 1.2.0 38.89 OK
r-devel-windows-x86_64 1.2.0 4.00 49.00 53.00 OK
r-patched-linux-x86_64 1.2.0 2.69 23.89 26.58 OK
r-release-linux-x86_64 1.2.0 2.58 24.10 26.68 OK
r-release-macos-arm64 1.2.0 1.00 17.00 18.00 OK
r-release-macos-x86_64 1.2.0 2.00 26.00 28.00 OK
r-release-windows-x86_64 1.2.0 3.00 46.00 49.00 OK
r-oldrel-macos-arm64 1.2.0 1.00 15.00 16.00 NOTE
r-oldrel-macos-x86_64 1.2.0 2.00 22.00 24.00 NOTE
r-oldrel-windows-x86_64 1.2.0 4.00 46.00 50.00 NOTE

Check Details

Version: 1.2.0
Check: CRAN incoming feasibility
Result: NOTE Maintainer: ‘Jiangtao Gou <[email protected]>’ No Authors@R field in DESCRIPTION. Please add one, modifying Authors@R: c(person(given = "Jiangtao", family = "Gou", role = c("aut", "cre"), email = "[email protected]"), person(given = "Fengqing", family = "Zhang", role = "aut", comment = "Zoe")) as necessary. Flavors: r-devel-linux-x86_64-debian-clang, r-devel-linux-x86_64-debian-gcc

Version: 1.2.0
Check: LazyData
Result: NOTE 'LazyData' is specified without a 'data' directory Flavors: r-oldrel-macos-arm64, r-oldrel-macos-x86_64, r-oldrel-windows-x86_64