Last updated on 2025-11-05 07:50:45 CET.
| Flavor | Version | Tinstall | Tcheck | Ttotal | Status | Flags |
|---|---|---|---|---|---|---|
| r-devel-linux-x86_64-debian-clang | 3.1 | 1.52 | 20.26 | 21.78 | NOTE | |
| r-devel-linux-x86_64-debian-gcc | 3.1 | 1.40 | 16.06 | 17.46 | NOTE | |
| r-devel-linux-x86_64-fedora-clang | 3.1 | 32.35 | OK | |||
| r-devel-linux-x86_64-fedora-gcc | 3.1 | 30.91 | OK | |||
| r-devel-windows-x86_64 | 3.1 | 3.00 | 35.00 | 38.00 | OK | |
| r-patched-linux-x86_64 | 3.1 | 2.02 | 18.85 | 20.87 | OK | |
| r-release-linux-x86_64 | 3.1 | 1.88 | 18.97 | 20.85 | OK | |
| r-release-macos-arm64 | 3.1 | 1.00 | 16.00 | 17.00 | OK | |
| r-release-macos-x86_64 | 3.1 | 2.00 | 23.00 | 25.00 | OK | |
| r-release-windows-x86_64 | 3.1 | 3.00 | 35.00 | 38.00 | OK | |
| r-oldrel-macos-arm64 | 3.1 | 1.00 | 13.00 | 14.00 | OK | |
| r-oldrel-macos-x86_64 | 3.1 | 2.00 | 17.00 | 19.00 | OK | |
| r-oldrel-windows-x86_64 | 3.1 | 3.00 | 37.00 | 40.00 | OK |
Version: 3.1
Check: CRAN incoming feasibility
Result: NOTE
Maintainer: ‘Anna Klimova <[email protected]>’
No Authors@R field in DESCRIPTION.
Please add one, modifying
Authors@R: c(person(given = "Anna",
family = "Klimova",
role = c("aut", "cre"),
email = "[email protected]"),
person(given = "Tamas",
family = "Rudas",
role = "aut"))
as necessary.
Flavors: r-devel-linux-x86_64-debian-clang, r-devel-linux-x86_64-debian-gcc