CRAN Package Check Results for Package garray

Last updated on 2025-11-05 07:50:44 CET.

Flavor Version Tinstall Tcheck Ttotal Status Flags
r-devel-linux-x86_64-debian-clang 1.1.2 2.93 24.56 27.49 NOTE
r-devel-linux-x86_64-debian-gcc 1.1.2 1.79 19.34 21.13 NOTE
r-devel-linux-x86_64-fedora-clang 1.1.2 14.00 29.98 43.98 NOTE
r-devel-linux-x86_64-fedora-gcc 1.1.2 38.90 NOTE
r-devel-windows-x86_64 1.1.2 6.00 44.00 50.00 NOTE
r-patched-linux-x86_64 1.1.2 3.18 23.18 26.36 NOTE
r-release-linux-x86_64 1.1.2 2.50 23.07 25.57 NOTE
r-release-macos-arm64 1.1.2 1.00 16.00 17.00 NOTE
r-release-macos-x86_64 1.1.2 3.00 27.00 30.00 NOTE
r-release-windows-x86_64 1.1.2 3.00 42.00 45.00 NOTE
r-oldrel-macos-arm64 1.1.2 1.00 14.00 15.00 NOTE
r-oldrel-macos-x86_64 1.1.2 2.00 21.00 23.00 NOTE
r-oldrel-windows-x86_64 1.1.2 3.00 43.00 46.00 NOTE

Check Details

Version: 1.1.2
Check: CRAN incoming feasibility
Result: NOTE Maintainer: ‘Qingsheng Huang <[email protected]>’ No Authors@R field in DESCRIPTION. Please add one, modifying Authors@R: person(given = "Qingsheng", family = "Huang", role = c("aut", "cre"), email = "[email protected]") as necessary. Flavors: r-devel-linux-x86_64-debian-clang, r-devel-linux-x86_64-debian-gcc

Version: 1.1.2
Check: Rd files
Result: NOTE checkRd: (-1) read.ctable.Rd:19: Lost braces; missing escapes or markup? 19 | a integer scalar which is the index ({icol,irow}) of {row,col}-header | ^ checkRd: (-1) read.ctable.Rd:19: Lost braces; missing escapes or markup? 19 | a integer scalar which is the index ({icol,irow}) of {row,col}-header | ^ checkRd: (-1) read.ctable.Rd:29: Lost braces; missing escapes or markup? 29 | output array, {row,col}.names are not necessary \code{dimnames[[1]]} and | ^ Flavors: r-devel-linux-x86_64-debian-clang, r-devel-linux-x86_64-debian-gcc, r-devel-linux-x86_64-fedora-clang, r-devel-linux-x86_64-fedora-gcc, r-devel-windows-x86_64, r-patched-linux-x86_64, r-release-linux-x86_64, r-release-macos-arm64, r-release-macos-x86_64, r-release-windows-x86_64, r-oldrel-macos-arm64, r-oldrel-macos-x86_64, r-oldrel-windows-x86_64