CRAN Package Check Results for Package gaussfacts

Last updated on 2025-11-05 07:50:44 CET.

Flavor Version Tinstall Tcheck Ttotal Status Flags
r-devel-linux-x86_64-debian-clang 0.0.2 1.47 17.46 18.93 NOTE
r-devel-linux-x86_64-debian-gcc 0.0.2 1.31 14.96 16.27 NOTE
r-devel-linux-x86_64-fedora-clang 0.0.2 29.08 OK
r-devel-linux-x86_64-fedora-gcc 0.0.2 26.35 OK
r-devel-windows-x86_64 0.0.2 4.00 33.00 37.00 OK
r-patched-linux-x86_64 0.0.2 1.60 16.43 18.03 OK
r-release-linux-x86_64 0.0.2 1.48 16.34 17.82 OK
r-release-macos-arm64 0.0.2 1.00 14.00 15.00 OK
r-release-macos-x86_64 0.0.2 1.00 21.00 22.00 OK
r-release-windows-x86_64 0.0.2 2.00 32.00 34.00 OK
r-oldrel-macos-arm64 0.0.2 1.00 12.00 13.00 OK
r-oldrel-macos-x86_64 0.0.2 2.00 17.00 19.00 OK
r-oldrel-windows-x86_64 0.0.2 2.00 33.00 35.00 OK

Check Details

Version: 0.0.2
Check: CRAN incoming feasibility
Result: NOTE Maintainer: ‘Dirk Eddelbuettel <[email protected]>’ No Authors@R field in DESCRIPTION. Please add one, modifying Authors@R: person(given = "Dirk", family = "Eddelbuettel", role = c("aut", "cre"), email = "[email protected]") as necessary. Flavors: r-devel-linux-x86_64-debian-clang, r-devel-linux-x86_64-debian-gcc