Last updated on 2025-11-05 07:50:44 CET.
| Flavor | Version | Tinstall | Tcheck | Ttotal | Status | Flags |
|---|---|---|---|---|---|---|
| r-devel-linux-x86_64-debian-clang | 0.1.1 | 1.63 | 17.57 | 19.20 | NOTE | |
| r-devel-linux-x86_64-debian-gcc | 0.1.1 | 1.43 | 14.61 | 16.04 | NOTE | |
| r-devel-linux-x86_64-fedora-clang | 0.1.1 | 29.22 | OK | |||
| r-devel-linux-x86_64-fedora-gcc | 0.1.1 | 28.18 | OK | |||
| r-devel-windows-x86_64 | 0.1.1 | 4.00 | 33.00 | 37.00 | OK | |
| r-patched-linux-x86_64 | 0.1.1 | 1.55 | 16.79 | 18.34 | OK | |
| r-release-linux-x86_64 | 0.1.1 | 1.66 | 16.90 | 18.56 | OK | |
| r-release-macos-arm64 | 0.1.1 | 1.00 | 13.00 | 14.00 | OK | |
| r-release-macos-x86_64 | 0.1.1 | 2.00 | 25.00 | 27.00 | OK | |
| r-release-windows-x86_64 | 0.1.1 | 3.00 | 32.00 | 35.00 | OK | |
| r-oldrel-macos-arm64 | 0.1.1 | 1.00 | 13.00 | 14.00 | OK | |
| r-oldrel-macos-x86_64 | 0.1.1 | 1.00 | 17.00 | 18.00 | OK | |
| r-oldrel-windows-x86_64 | 0.1.1 | 3.00 | 34.00 | 37.00 | OK |
Version: 0.1.1
Check: CRAN incoming feasibility
Result: NOTE
Maintainer: ‘Partha Sarathi Bishnu <[email protected]>’
No Authors@R field in DESCRIPTION.
Please add one, modifying
Authors@R: person(given = c("Partha", "Sarathi"),
family = "Bishnu",
role = c("aut", "cre"),
email = "[email protected]")
as necessary.
Flavors: r-devel-linux-x86_64-debian-clang, r-devel-linux-x86_64-debian-gcc