CRAN Package Check Results for Package genepi

Last updated on 2025-11-05 07:50:44 CET.

Flavor Version Tinstall Tcheck Ttotal Status Flags
r-devel-linux-x86_64-debian-clang 1.0.3 3.26 27.47 30.73 NOTE
r-devel-linux-x86_64-debian-gcc 1.0.3 2.12 22.13 24.25 NOTE
r-devel-linux-x86_64-fedora-clang 1.0.3 11.00 36.23 47.23 OK
r-devel-linux-x86_64-fedora-gcc 1.0.3 13.00 32.42 45.42 OK
r-devel-windows-x86_64 1.0.3 5.00 53.00 58.00 OK
r-patched-linux-x86_64 1.0.3 2.67 25.82 28.49 OK
r-release-linux-x86_64 1.0.3 2.43 25.89 28.32 OK
r-release-macos-arm64 1.0.3 3.00 18.00 21.00 OK
r-release-macos-x86_64 1.0.3 4.00 31.00 35.00 OK
r-release-windows-x86_64 1.0.3 6.00 51.00 57.00 OK
r-oldrel-macos-arm64 1.0.3 3.00 17.00 20.00 OK
r-oldrel-macos-x86_64 1.0.3 3.00 26.00 29.00 OK
r-oldrel-windows-x86_64 1.0.3 6.00 53.00 59.00 OK

Check Details

Version: 1.0.3
Check: CRAN incoming feasibility
Result: NOTE Maintainer: ‘Venkatraman E. Seshan <[email protected]>’ No Authors@R field in DESCRIPTION. Please add one, modifying Authors@R: person(given = c("Venkatraman", "E."), family = "Seshan", role = c("aut", "cre"), email = "[email protected]") as necessary. Flavors: r-devel-linux-x86_64-debian-clang, r-devel-linux-x86_64-debian-gcc