CRAN Package Check Results for Package gomms

Last updated on 2025-11-05 07:50:45 CET.

Flavor Version Tinstall Tcheck Ttotal Status Flags
r-devel-linux-x86_64-debian-clang 1.0 1.47 20.00 21.47 NOTE
r-devel-linux-x86_64-debian-gcc 1.0 1.44 17.01 18.45 NOTE
r-devel-linux-x86_64-fedora-clang 1.0 32.69 OK
r-devel-linux-x86_64-fedora-gcc 1.0 29.66 OK
r-devel-windows-x86_64 1.0 3.00 35.00 38.00 OK
r-patched-linux-x86_64 1.0 1.83 18.84 20.67 OK
r-release-linux-x86_64 1.0 1.71 18.87 20.58 OK
r-release-macos-arm64 1.0 1.00 13.00 14.00 OK
r-release-macos-x86_64 1.0 1.00 22.00 23.00 OK
r-release-windows-x86_64 1.0 2.00 34.00 36.00 OK
r-oldrel-macos-arm64 1.0 1.00 13.00 14.00 OK
r-oldrel-macos-x86_64 1.0 2.00 18.00 20.00 OK
r-oldrel-windows-x86_64 1.0 3.00 36.00 39.00 OK

Check Details

Version: 1.0
Check: CRAN incoming feasibility
Result: NOTE Maintainer: ‘Michael B. Sohn <[email protected]>’ No Authors@R field in DESCRIPTION. Please add one, modifying Authors@R: person(given = c("Michael", "B."), family = "Sohn", role = c("aut", "cre"), email = "[email protected]") as necessary. Flavors: r-devel-linux-x86_64-debian-clang, r-devel-linux-x86_64-debian-gcc