CRAN Package Check Results for Package gpk

Last updated on 2025-11-05 07:50:45 CET.

Flavor Version Tinstall Tcheck Ttotal Status Flags
r-devel-linux-x86_64-debian-clang 1.0 1.50 51.09 52.59 NOTE
r-devel-linux-x86_64-debian-gcc 1.0 1.69 40.11 41.80 NOTE
r-devel-linux-x86_64-fedora-clang 1.0 81.47 OK
r-devel-linux-x86_64-fedora-gcc 1.0 76.20 OK
r-devel-windows-x86_64 1.0 4.00 88.00 92.00 OK
r-patched-linux-x86_64 1.0 3.76 48.81 52.57 OK
r-release-linux-x86_64 1.0 1.79 48.81 50.60 OK
r-release-macos-arm64 1.0 1.00 36.00 37.00 OK
r-release-macos-x86_64 1.0 3.00 51.00 54.00 OK
r-release-windows-x86_64 1.0 4.00 87.00 91.00 OK
r-oldrel-macos-arm64 1.0 1.00 32.00 33.00 OK
r-oldrel-macos-x86_64 1.0 2.00 44.00 46.00 OK
r-oldrel-windows-x86_64 1.0 4.00 85.00 89.00 OK

Check Details

Version: 1.0
Check: CRAN incoming feasibility
Result: NOTE Maintainer: ‘Prabhanjan Tattar <[email protected]>’ No Authors@R field in DESCRIPTION. Please add one, modifying Authors@R: person(given = "Prabhanjan", family = "Tattar", role = c("aut", "cre"), email = "[email protected]") as necessary. Flavors: r-devel-linux-x86_64-debian-clang, r-devel-linux-x86_64-debian-gcc