CRAN Package Check Results for Package grade

Last updated on 2025-11-05 07:50:45 CET.

Flavor Version Tinstall Tcheck Ttotal Status Flags
r-devel-linux-x86_64-debian-clang 0.2-1 1.88 25.32 27.20 NOTE
r-devel-linux-x86_64-debian-gcc 0.2-1 1.36 20.99 22.35 NOTE
r-devel-linux-x86_64-fedora-clang 0.2-1 10.00 31.98 41.98 NOTE
r-devel-linux-x86_64-fedora-gcc 0.2-1 51.94 NOTE
r-devel-windows-x86_64 0.2-1 3.00 51.00 54.00 NOTE
r-patched-linux-x86_64 0.2-1 1.97 24.06 26.03 NOTE
r-release-linux-x86_64 0.2-1 1.79 24.43 26.22 NOTE
r-release-macos-arm64 0.2-1 1.00 23.00 24.00 NOTE
r-release-macos-x86_64 0.2-1 2.00 43.00 45.00 NOTE
r-release-windows-x86_64 0.2-1 3.00 48.00 51.00 NOTE
r-oldrel-macos-arm64 0.2-1 1.00 22.00 23.00 NOTE
r-oldrel-macos-x86_64 0.2-1 2.00 31.00 33.00 NOTE
r-oldrel-windows-x86_64 0.2-1 2.00 51.00 53.00 NOTE

Check Details

Version: 0.2-1
Check: CRAN incoming feasibility
Result: NOTE Maintainer: ‘Leif Johnson <[email protected]>’ No Authors@R field in DESCRIPTION. Please add one, modifying Authors@R: person(given = "Leif", family = "Johnson", role = c("aut", "cre"), email = "[email protected]") as necessary. Flavors: r-devel-linux-x86_64-debian-clang, r-devel-linux-x86_64-debian-gcc

Version: 0.2-1
Check: DESCRIPTION meta-information
Result: NOTE Malformed Title field: should not end in a period. Flavors: r-devel-linux-x86_64-debian-clang, r-devel-linux-x86_64-debian-gcc, r-devel-linux-x86_64-fedora-clang, r-devel-linux-x86_64-fedora-gcc, r-devel-windows-x86_64, r-patched-linux-x86_64, r-release-linux-x86_64, r-release-macos-arm64, r-release-macos-x86_64, r-release-windows-x86_64, r-oldrel-macos-arm64, r-oldrel-macos-x86_64, r-oldrel-windows-x86_64

Version: 0.2-1
Check: Rd files
Result: NOTE checkRd: (-1) grade-package.Rd:51-54: Lost braces in \itemize; meant \describe ? checkRd: (-1) grade-package.Rd:55-57: Lost braces in \itemize; meant \describe ? checkRd: (-1) grade-package.Rd:58-71: Lost braces in \itemize; meant \describe ? checkRd: (-1) grade-package.Rd:72-74: Lost braces in \itemize; meant \describe ? checkRd: (-1) grade-package.Rd:75-78: Lost braces in \itemize; meant \describe ? checkRd: (-1) grade-package.Rd:79-81: Lost braces in \itemize; meant \describe ? Flavors: r-devel-linux-x86_64-debian-clang, r-devel-linux-x86_64-debian-gcc, r-devel-linux-x86_64-fedora-clang, r-devel-linux-x86_64-fedora-gcc, r-devel-windows-x86_64, r-patched-linux-x86_64, r-release-linux-x86_64, r-release-macos-arm64, r-release-macos-x86_64, r-release-windows-x86_64, r-oldrel-macos-arm64, r-oldrel-macos-x86_64, r-oldrel-windows-x86_64