Last updated on 2025-11-05 07:50:46 CET.
| Flavor | Version | Tinstall | Tcheck | Ttotal | Status | Flags |
|---|---|---|---|---|---|---|
| r-devel-linux-x86_64-debian-clang | 1.0 | 1.84 | 20.64 | 22.48 | NOTE | |
| r-devel-linux-x86_64-debian-gcc | 1.0 | 1.44 | 16.99 | 18.43 | NOTE | |
| r-devel-linux-x86_64-fedora-clang | 1.0 | 33.45 | OK | |||
| r-devel-linux-x86_64-fedora-gcc | 1.0 | 30.69 | OK | |||
| r-devel-windows-x86_64 | 1.0 | 3.00 | 40.00 | 43.00 | OK | |
| r-patched-linux-x86_64 | 1.0 | 1.90 | 19.90 | 21.80 | OK | |
| r-release-linux-x86_64 | 1.0 | 1.53 | 19.69 | 21.22 | OK | |
| r-release-macos-arm64 | 1.0 | 1.00 | 13.00 | 14.00 | OK | |
| r-release-macos-x86_64 | 1.0 | 2.00 | 22.00 | 24.00 | OK | |
| r-release-windows-x86_64 | 1.0 | 3.00 | 39.00 | 42.00 | OK | |
| r-oldrel-macos-arm64 | 1.0 | 1.00 | 14.00 | 15.00 | OK | |
| r-oldrel-macos-x86_64 | 1.0 | 2.00 | 18.00 | 20.00 | OK | |
| r-oldrel-windows-x86_64 | 1.0 | 3.00 | 40.00 | 43.00 | OK |
Version: 1.0
Check: CRAN incoming feasibility
Result: NOTE
Maintainer: ‘Layla Parast <[email protected]>’
The Description field contains
are described in Parast et al (2022) <arXiv:2209.08315>.
Please refer to arXiv e-prints via their arXiv DOI <doi:10.48550/arXiv.YYMM.NNNNN>.
Flavors: r-devel-linux-x86_64-debian-clang, r-devel-linux-x86_64-debian-gcc