CRAN Package Check Results for Package hflights

Last updated on 2025-11-05 07:50:46 CET.

Flavor Version Tinstall Tcheck Ttotal Status Flags
r-devel-linux-x86_64-debian-clang 0.1 3.37 19.20 22.57 NOTE
r-devel-linux-x86_64-debian-gcc 0.1 2.80 16.14 18.94 NOTE
r-devel-linux-x86_64-fedora-clang 0.1 33.62 OK
r-devel-linux-x86_64-fedora-gcc 0.1 31.96 OK
r-devel-windows-x86_64 0.1 5.00 33.00 38.00 OK
r-patched-linux-x86_64 0.1 3.90 18.49 22.39 OK
r-release-linux-x86_64 0.1 3.83 18.50 22.33 OK
r-release-macos-arm64 0.1 2.00 18.00 20.00 OK
r-release-macos-x86_64 0.1 4.00 20.00 24.00 OK
r-release-windows-x86_64 0.1 5.00 33.00 38.00 OK
r-oldrel-macos-arm64 0.1 3.00 14.00 17.00 OK
r-oldrel-macos-x86_64 0.1 5.00 18.00 23.00 OK
r-oldrel-windows-x86_64 0.1 5.00 34.00 39.00 OK

Check Details

Version: 0.1
Check: CRAN incoming feasibility
Result: NOTE Maintainer: ‘Hadley Wickham <[email protected]>’ No Authors@R field in DESCRIPTION. Please add one, modifying Authors@R: person(given = "Hadley", family = "Wickham", role = c("aut", "cre"), email = "[email protected]") as necessary. Flavors: r-devel-linux-x86_64-debian-clang, r-devel-linux-x86_64-debian-gcc