Last updated on 2025-11-05 07:50:46 CET.
| Flavor | Version | Tinstall | Tcheck | Ttotal | Status | Flags |
|---|---|---|---|---|---|---|
| r-devel-linux-x86_64-debian-clang | 2.0 | 2.53 | 32.11 | 34.64 | NOTE | |
| r-devel-linux-x86_64-debian-gcc | 2.0 | 1.97 | 24.49 | 26.46 | NOTE | |
| r-devel-linux-x86_64-fedora-clang | 2.0 | 51.31 | OK | |||
| r-devel-linux-x86_64-fedora-gcc | 2.0 | 47.08 | OK | |||
| r-devel-windows-x86_64 | 2.0 | 3.00 | 51.00 | 54.00 | OK | |
| r-patched-linux-x86_64 | 2.0 | 2.67 | 30.04 | 32.71 | OK | |
| r-release-linux-x86_64 | 2.0 | 2.52 | 30.08 | 32.60 | OK | |
| r-release-macos-arm64 | 2.0 | 1.00 | 19.00 | 20.00 | OK | |
| r-release-macos-x86_64 | 2.0 | 2.00 | 34.00 | 36.00 | OK | |
| r-release-windows-x86_64 | 2.0 | 3.00 | 49.00 | 52.00 | OK | |
| r-oldrel-macos-arm64 | 2.0 | 1.00 | 17.00 | 18.00 | OK | |
| r-oldrel-macos-x86_64 | 2.0 | 2.00 | 25.00 | 27.00 | OK | |
| r-oldrel-windows-x86_64 | 2.0 | 3.00 | 49.00 | 52.00 | OK |
Version: 2.0
Check: CRAN incoming feasibility
Result: NOTE
Maintainer: ‘Jason A. Osborne <[email protected]>’
No Authors@R field in DESCRIPTION.
Please add one, modifying
Authors@R: c(person(given = c("Jason", "A."),
family = "Osborne",
role = c("aut", "cre"),
email = "[email protected]"),
person(given = c("Christopher", "T."),
family = "Franck",
role = "aut"),
person(given = "Bongseog",
family = "Choi",
role = "aut"))
as necessary.
Flavors: r-devel-linux-x86_64-debian-clang, r-devel-linux-x86_64-debian-gcc