CRAN Package Check Results for Package hotspot

Last updated on 2025-11-05 07:50:46 CET.

Flavor Version Tinstall Tcheck Ttotal Status Flags
r-devel-linux-x86_64-debian-clang 1.0 1.43 18.96 20.39 NOTE
r-devel-linux-x86_64-debian-gcc 1.0 1.28 15.99 17.27 NOTE
r-devel-linux-x86_64-fedora-clang 1.0 29.24 OK
r-devel-linux-x86_64-fedora-gcc 1.0 27.26 OK
r-devel-windows-x86_64 1.0 3.00 33.00 36.00 OK
r-patched-linux-x86_64 1.0 1.58 18.26 19.84 OK
r-release-linux-x86_64 1.0 1.53 17.79 19.32 OK
r-release-macos-arm64 1.0 1.00 13.00 14.00 OK
r-release-macos-x86_64 1.0 2.00 20.00 22.00 OK
r-release-windows-x86_64 1.0 3.00 33.00 36.00 OK
r-oldrel-macos-arm64 1.0 1.00 13.00 14.00 OK
r-oldrel-macos-x86_64 1.0 1.00 17.00 18.00 OK
r-oldrel-windows-x86_64 1.0 2.00 35.00 37.00 OK

Check Details

Version: 1.0
Check: CRAN incoming feasibility
Result: NOTE Maintainer: ‘Csaba Farago <[email protected]>’ No Authors@R field in DESCRIPTION. Please add one, modifying Authors@R: person(given = "Csaba", family = "Farago", role = c("aut", "cre"), email = "[email protected]") as necessary. Flavors: r-devel-linux-x86_64-debian-clang, r-devel-linux-x86_64-debian-gcc