CRAN Package Check Results for Package hwde

Last updated on 2025-11-05 07:50:46 CET.

Flavor Version Tinstall Tcheck Ttotal Status Flags
r-devel-linux-x86_64-debian-clang 0.67-3 1.76 25.54 27.30 NOTE
r-devel-linux-x86_64-debian-gcc 0.67-3 1.54 21.06 22.60 NOTE
r-devel-linux-x86_64-fedora-clang 0.67-3 40.22 OK
r-devel-linux-x86_64-fedora-gcc 0.67-3 51.41 OK
r-devel-windows-x86_64 0.67-3 3.00 48.00 51.00 OK
r-patched-linux-x86_64 0.67-3 1.67 23.87 25.54 OK
r-release-linux-x86_64 0.67-3 1.71 24.42 26.13 OK
r-release-macos-arm64 0.67-3 1.00 21.00 22.00 OK
r-release-macos-x86_64 0.67-3 2.00 42.00 44.00 OK
r-release-windows-x86_64 0.67-3 3.00 46.00 49.00 OK
r-oldrel-macos-arm64 0.67-3 1.00 19.00 20.00 OK
r-oldrel-macos-x86_64 0.67-3 2.00 35.00 37.00 OK
r-oldrel-windows-x86_64 0.67-3 3.00 49.00 52.00 OK

Check Details

Version: 0.67-3
Check: CRAN incoming feasibility
Result: NOTE Maintainer: ‘John Maindonald <[email protected]>’ No Authors@R field in DESCRIPTION. Please add one, modifying Authors@R: c(person(given = "John", family = "Maindonald", role = c("aut", "cre"), email = "[email protected]"), person(given = c("with", "\\code{hwexact}", "from", "Randall"), family = "Johnson.", role = "aut")) as necessary. Flavors: r-devel-linux-x86_64-debian-clang, r-devel-linux-x86_64-debian-gcc