Last updated on 2025-11-05 07:50:47 CET.
| Flavor | Version | Tinstall | Tcheck | Ttotal | Status | Flags |
|---|---|---|---|---|---|---|
| r-devel-linux-x86_64-debian-clang | 1.2 | 1.83 | 24.55 | 26.38 | NOTE | |
| r-devel-linux-x86_64-debian-gcc | 1.2 | 1.47 | 19.12 | 20.59 | NOTE | |
| r-devel-linux-x86_64-fedora-clang | 1.2 | 41.35 | OK | |||
| r-devel-linux-x86_64-fedora-gcc | 1.2 | 36.54 | OK | |||
| r-devel-windows-x86_64 | 1.2 | 3.00 | 36.00 | 39.00 | OK | |
| r-patched-linux-x86_64 | 1.2 | 1.91 | 23.41 | 25.32 | OK | |
| r-release-linux-x86_64 | 1.2 | 1.85 | 23.60 | 25.45 | OK | |
| r-release-macos-arm64 | 1.2 | 1.00 | 15.00 | 16.00 | OK | |
| r-release-macos-x86_64 | 1.2 | 2.00 | 25.00 | 27.00 | OK | |
| r-release-windows-x86_64 | 1.2 | 3.00 | 36.00 | 39.00 | OK | |
| r-oldrel-macos-arm64 | 1.2 | 1.00 | 16.00 | 17.00 | OK | |
| r-oldrel-macos-x86_64 | 1.2 | 2.00 | 21.00 | 23.00 | OK | |
| r-oldrel-windows-x86_64 | 1.2 | 2.00 | 39.00 | 41.00 | OK |
Version: 1.2
Check: CRAN incoming feasibility
Result: NOTE
Maintainer: ‘Wentao Lu <[email protected]>’
No Authors@R field in DESCRIPTION.
Please add one, modifying
Authors@R: c(person(given = "Wentao",
family = "Lu",
role = c("aut", "cre"),
email = "[email protected]"),
person(given = "Xinlei",
family = "Wang",
role = "aut"),
person(given = "Xiaowei",
family = "Zhan",
role = "aut"))
as necessary.
Flavors: r-devel-linux-x86_64-debian-clang, r-devel-linux-x86_64-debian-gcc