CRAN Package Check Results for Package iRepro

Last updated on 2025-11-05 07:50:47 CET.

Flavor Version Tinstall Tcheck Ttotal Status Flags
r-devel-linux-x86_64-debian-clang 1.2 3.08 29.93 33.01 NOTE
r-devel-linux-x86_64-debian-gcc 1.2 2.32 21.61 23.93 NOTE
r-devel-linux-x86_64-fedora-clang 1.2 11.00 41.93 52.93 OK
r-devel-linux-x86_64-fedora-gcc 1.2 44.06 OK
r-devel-windows-x86_64 1.2 3.00 42.00 45.00 OK
r-patched-linux-x86_64 1.2 3.18 27.72 30.90 OK
r-release-linux-x86_64 1.2 3.31 27.55 30.86 OK
r-release-macos-arm64 1.2 1.00 17.00 18.00 OK
r-release-macos-x86_64 1.2 3.00 26.00 29.00 OK
r-release-windows-x86_64 1.2 3.00 41.00 44.00 OK
r-oldrel-macos-arm64 1.2 1.00 15.00 16.00 OK
r-oldrel-macos-x86_64 1.2 2.00 27.00 29.00 OK
r-oldrel-windows-x86_64 1.2 4.00 42.00 46.00 OK

Check Details

Version: 1.2
Check: CRAN incoming feasibility
Result: NOTE Maintainer: ‘Jelena Kovacic <[email protected]>’ No Authors@R field in DESCRIPTION. Please add one, modifying Authors@R: person(given = "Jelena", family = "Kovacic", role = c("aut", "cre"), email = "[email protected]") as necessary. Flavors: r-devel-linux-x86_64-debian-clang, r-devel-linux-x86_64-debian-gcc