CRAN Package Check Results for Package ifs

Last updated on 2025-11-05 07:50:47 CET.

Flavor Version Tinstall Tcheck Ttotal Status Flags
r-devel-linux-x86_64-debian-clang 0.1.10 2.54 21.95 24.49 NOTE
r-devel-linux-x86_64-debian-gcc 0.1.10 2.22 17.35 19.57 NOTE
r-devel-linux-x86_64-fedora-clang 0.1.10 13.00 24.14 37.14 OK
r-devel-linux-x86_64-fedora-gcc 0.1.10 34.56 OK
r-devel-windows-x86_64 0.1.10 7.00 39.00 46.00 OK
r-patched-linux-x86_64 0.1.10 2.61 20.49 23.10 OK
r-release-linux-x86_64 0.1.10 2.72 20.61 23.33 OK
r-release-macos-arm64 0.1.10 3.00 14.00 17.00 OK
r-release-macos-x86_64 0.1.10 4.00 22.00 26.00 OK
r-release-windows-x86_64 0.1.10 5.00 39.00 44.00 OK
r-oldrel-macos-arm64 0.1.10 2.00 14.00 16.00 OK
r-oldrel-macos-x86_64 0.1.10 3.00 19.00 22.00 OK
r-oldrel-windows-x86_64 0.1.10 6.00 39.00 45.00 OK

Check Details

Version: 0.1.10
Check: CRAN incoming feasibility
Result: NOTE Maintainer: ‘Stefano M. Iacus <[email protected]>’ No Authors@R field in DESCRIPTION. Please add one, modifying Authors@R: c(person(given = c("S.", "M."), family = "Iacus", role = "aut"), person(given = c("Stefano", "M."), family = "Iacus", role = "cre", email = "[email protected]")) as necessary. Flavors: r-devel-linux-x86_64-debian-clang, r-devel-linux-x86_64-debian-gcc