CRAN Package Check Results for Package impressionist.colors

Last updated on 2025-11-05 07:50:47 CET.

Flavor Version Tinstall Tcheck Ttotal Status Flags
r-devel-linux-x86_64-debian-clang 1.0 5.56 21.43 26.99 NOTE
r-devel-linux-x86_64-debian-gcc 1.0 4.59 17.13 21.72 NOTE
r-devel-linux-x86_64-fedora-clang 1.0 20.00 20.66 40.66 OK
r-devel-linux-x86_64-fedora-gcc 1.0 13.00 24.62 37.62 OK
r-devel-windows-x86_64 1.0 6.00 40.00 46.00 OK
r-patched-linux-x86_64 1.0 5.69 20.13 25.82 OK
r-release-linux-x86_64 1.0 5.04 20.23 25.27 OK
r-release-macos-arm64 1.0 5.00 16.00 21.00 OK
r-release-macos-x86_64 1.0 6.00 26.00 32.00 OK
r-release-windows-x86_64 1.0 7.00 39.00 46.00 OK
r-oldrel-macos-arm64 1.0 4.00 15.00 19.00 NOTE
r-oldrel-macos-x86_64 1.0 6.00 23.00 29.00 NOTE
r-oldrel-windows-x86_64 1.0 7.00 41.00 48.00 NOTE

Check Details

Version: 1.0
Check: CRAN incoming feasibility
Result: NOTE Maintainer: ‘Federico Casale <[email protected]>’ No Authors@R field in DESCRIPTION. Please add one, modifying Authors@R: person(given = "Federico", family = "Casale", role = c("aut", "cre"), email = "[email protected]") as necessary. Flavors: r-devel-linux-x86_64-debian-clang, r-devel-linux-x86_64-debian-gcc

Version: 1.0
Check: LazyData
Result: NOTE 'LazyData' is specified without a 'data' directory Flavors: r-oldrel-macos-arm64, r-oldrel-macos-x86_64, r-oldrel-windows-x86_64