Last updated on 2025-11-05 07:50:47 CET.
| Flavor | Version | Tinstall | Tcheck | Ttotal | Status | Flags |
|---|---|---|---|---|---|---|
| r-devel-linux-x86_64-debian-clang | 0.85-5 | 1.82 | 23.66 | 25.48 | NOTE | |
| r-devel-linux-x86_64-debian-gcc | 0.85-5 | 1.56 | 18.57 | 20.13 | NOTE | |
| r-devel-linux-x86_64-fedora-clang | 0.85-5 | 38.88 | OK | |||
| r-devel-linux-x86_64-fedora-gcc | 0.85-5 | 34.58 | OK | |||
| r-devel-windows-x86_64 | 0.85-5 | 3.00 | 47.00 | 50.00 | OK | |
| r-patched-linux-x86_64 | 0.85-5 | 1.76 | 21.92 | 23.68 | OK | |
| r-release-linux-x86_64 | 0.85-5 | 1.96 | 22.66 | 24.62 | OK | |
| r-release-macos-arm64 | 0.85-5 | 1.00 | 16.00 | 17.00 | OK | |
| r-release-macos-x86_64 | 0.85-5 | 3.00 | 31.00 | 34.00 | OK | |
| r-release-windows-x86_64 | 0.85-5 | 3.00 | 46.00 | 49.00 | OK | |
| r-oldrel-macos-arm64 | 0.85-5 | 1.00 | 16.00 | 17.00 | OK | |
| r-oldrel-macos-x86_64 | 0.85-5 | 2.00 | 21.00 | 23.00 | OK | |
| r-oldrel-windows-x86_64 | 0.85-5 | 3.00 | 48.00 | 51.00 | OK |
Version: 0.85-5
Check: CRAN incoming feasibility
Result: NOTE
Maintainer: ‘Jorge Luis Ojeda Cabrera <[email protected]>’
No Authors@R field in DESCRIPTION.
Please add one, modifying
Authors@R: person(given = c("Jorge", "Luis", "Ojeda"),
family = "Cabrera",
role = c("aut", "cre"),
email = "[email protected]")
as necessary.
Flavors: r-devel-linux-x86_64-debian-clang, r-devel-linux-x86_64-debian-gcc