CRAN Package Check Results for Package isingLenzMC

Last updated on 2025-11-05 07:50:47 CET.

Flavor Version Tinstall Tcheck Ttotal Status Flags
r-devel-linux-x86_64-debian-clang 0.2.8 2.25 24.28 26.53 OK
r-devel-linux-x86_64-debian-gcc 0.2.8 1.88 20.43 22.31 OK
r-devel-linux-x86_64-fedora-clang 0.2.8 40.72 NOTE
r-devel-linux-x86_64-fedora-gcc 0.2.8 49.59 NOTE
r-devel-windows-x86_64 0.2.8 5.00 49.00 54.00 OK
r-patched-linux-x86_64 0.2.8 2.42 22.90 25.32 OK
r-release-linux-x86_64 0.2.8 1.83 22.84 24.67 OK
r-release-macos-arm64 0.2.8 2.00 25.00 27.00 OK
r-release-macos-x86_64 0.2.8 14.00 97.00 111.00 OK
r-release-windows-x86_64 0.2.8 7.00 49.00 56.00 OK
r-oldrel-macos-arm64 0.2.8 2.00 29.00 31.00 OK
r-oldrel-macos-x86_64 0.2.8 6.00 87.00 93.00 OK
r-oldrel-windows-x86_64 0.2.8 7.00 54.00 61.00 OK

Check Details

Version: 0.2.8
Check: compiled code
Result: NOTE File ‘isingLenzMC/libs/isingLenzMC.so’: Found no calls to: ‘R_registerRoutines’, ‘R_useDynamicSymbols’ It is good practice to register native routines and to disable symbol search. See ‘Writing portable packages’ in the ‘Writing R Extensions’ manual. Flavors: r-devel-linux-x86_64-fedora-clang, r-devel-linux-x86_64-fedora-gcc