CRAN Package Check Results for Package jetset

Last updated on 2025-11-05 07:50:47 CET.

Flavor Version Tinstall Tcheck Ttotal Status Flags
r-devel-linux-x86_64-debian-clang 3.4.0 17.57 160.63 178.20 NOTE
r-devel-linux-x86_64-debian-gcc 3.4.0 13.17 117.66 130.83 NOTE
r-devel-linux-x86_64-fedora-clang 3.4.0 39.00 237.89 276.89 OK
r-devel-linux-x86_64-fedora-gcc 3.4.0 34.00 224.81 258.81 OK
r-devel-windows-x86_64 3.4.0 16.00 142.00 158.00 OK
r-patched-linux-x86_64 3.4.0 18.32 151.13 169.45 OK
r-release-linux-x86_64 3.4.0 17.87 150.93 168.80 OK
r-release-macos-arm64 3.4.0 5.00 ERROR
r-release-macos-x86_64 3.4.0 16.00 163.00 179.00 OK
r-release-windows-x86_64 3.4.0 17.00 142.00 159.00 OK
r-oldrel-macos-arm64 3.4.0 8.00 66.00 74.00 OK
r-oldrel-macos-x86_64 3.4.0 12.00 105.00 117.00 OK
r-oldrel-windows-x86_64 3.4.0 17.00 149.00 166.00 OK

Check Details

Version: 3.4.0
Check: CRAN incoming feasibility
Result: NOTE Maintainer: ‘Aron Eklund <[email protected]>’ No Authors@R field in DESCRIPTION. Please add one, modifying Authors@R: c(person(given = "Qiyuan", family = "Li", role = "aut"), person(given = "Aron", family = "Eklund", role = c("aut", "cre"), email = "[email protected]")) as necessary. Package CITATION file contains call(s) to old-style personList() or as.personList(). Please use c() on person objects instead. Flavors: r-devel-linux-x86_64-debian-clang, r-devel-linux-x86_64-debian-gcc

Version: 3.4.0
Check: package dependencies
Result: ERROR Package required but not available: ‘org.Hs.eg.db’ See section ‘The DESCRIPTION file’ in the ‘Writing R Extensions’ manual. Flavor: r-release-macos-arm64