CRAN Package Check Results for Package kaphom

Last updated on 2025-11-05 07:50:48 CET.

Flavor Version Tinstall Tcheck Ttotal Status Flags
r-devel-linux-x86_64-debian-clang 0.3 2.01 19.99 22.00 NOTE
r-devel-linux-x86_64-debian-gcc 0.3 1.44 16.06 17.50 NOTE
r-devel-linux-x86_64-fedora-clang 0.3 11.00 23.43 34.43 OK
r-devel-linux-x86_64-fedora-gcc 0.3 30.43 OK
r-devel-windows-x86_64 0.3 3.00 39.00 42.00 OK
r-patched-linux-x86_64 0.3 2.36 18.88 21.24 OK
r-release-linux-x86_64 0.3 2.26 18.91 21.17 OK
r-release-macos-arm64 0.3 1.00 15.00 16.00 OK
r-release-macos-x86_64 0.3 2.00 21.00 23.00 OK
r-release-windows-x86_64 0.3 4.00 38.00 42.00 OK
r-oldrel-macos-arm64 0.3 1.00 13.00 14.00 NOTE
r-oldrel-macos-x86_64 0.3 3.00 22.00 25.00 NOTE
r-oldrel-windows-x86_64 0.3 3.00 38.00 41.00 NOTE

Check Details

Version: 0.3
Check: CRAN incoming feasibility
Result: NOTE Maintainer: ‘Muammer Albayrak <[email protected]>’ No Authors@R field in DESCRIPTION. Please add one, modifying Authors@R: person(given = "Muammer", family = "Albayrak", role = c("aut", "cre"), email = "[email protected]") as necessary. Flavors: r-devel-linux-x86_64-debian-clang, r-devel-linux-x86_64-debian-gcc

Version: 0.3
Check: LazyData
Result: NOTE 'LazyData' is specified without a 'data' directory Flavors: r-oldrel-macos-arm64, r-oldrel-macos-x86_64, r-oldrel-windows-x86_64