CRAN Package Check Results for Package kerndwd

Last updated on 2025-11-05 07:50:48 CET.

Flavor Version Tinstall Tcheck Ttotal Status Flags
r-devel-linux-x86_64-debian-clang 2.0.3 17.43 48.72 66.15 NOTE
r-devel-linux-x86_64-debian-gcc 2.0.3 11.60 33.69 45.29 NOTE
r-devel-linux-x86_64-fedora-clang 2.0.3 80.00 30.91 110.91 OK
r-devel-linux-x86_64-fedora-gcc 2.0.3 41.00 55.80 96.80 OK
r-devel-windows-x86_64 2.0.3 19.00 64.00 83.00 OK
r-patched-linux-x86_64 2.0.3 17.72 46.37 64.09 OK
r-release-linux-x86_64 2.0.3 16.76 45.58 62.34 OK
r-release-macos-arm64 2.0.3 9.00 23.00 32.00 OK
r-release-macos-x86_64 2.0.3 23.00 42.00 65.00 OK
r-release-windows-x86_64 2.0.3 20.00 64.00 84.00 OK
r-oldrel-macos-arm64 2.0.3 9.00 22.00 31.00 OK
r-oldrel-macos-x86_64 2.0.3 12.00 40.00 52.00 OK
r-oldrel-windows-x86_64 2.0.3 19.00 65.00 84.00 OK

Check Details

Version: 2.0.3
Check: CRAN incoming feasibility
Result: NOTE Maintainer: ‘Boxiang Wang <[email protected]>’ No Authors@R field in DESCRIPTION. Please add one, modifying Authors@R: c(person(given = "Boxiang", family = "Wang", role = c("aut", "cre"), email = "[email protected]"), person(given = "Hui", family = "Zou", role = "aut", email = "[email protected]")) as necessary. Flavors: r-devel-linux-x86_64-debian-clang, r-devel-linux-x86_64-debian-gcc