Last updated on 2025-11-05 07:50:48 CET.
| Flavor | Version | Tinstall | Tcheck | Ttotal | Status | Flags |
|---|---|---|---|---|---|---|
| r-devel-linux-x86_64-debian-clang | 1.0 | 1.33 | 29.49 | 30.82 | NOTE | |
| r-devel-linux-x86_64-debian-gcc | 1.0 | 1.39 | 22.86 | 24.25 | NOTE | |
| r-devel-linux-x86_64-fedora-clang | 1.0 | 46.26 | OK | |||
| r-devel-linux-x86_64-fedora-gcc | 1.0 | 42.11 | OK | |||
| r-devel-windows-x86_64 | 1.0 | 3.00 | 53.00 | 56.00 | OK | |
| r-patched-linux-x86_64 | 1.0 | 1.85 | 28.10 | 29.95 | OK | |
| r-release-linux-x86_64 | 1.0 | 1.66 | 28.63 | 30.29 | OK | |
| r-release-macos-arm64 | 1.0 | 1.00 | 20.00 | 21.00 | OK | |
| r-release-macos-x86_64 | 1.0 | 2.00 | 33.00 | 35.00 | OK | |
| r-release-windows-x86_64 | 1.0 | 3.00 | 54.00 | 57.00 | OK | |
| r-oldrel-macos-arm64 | 1.0 | 1.00 | 19.00 | 20.00 | OK | |
| r-oldrel-macos-x86_64 | 1.0 | 2.00 | 27.00 | 29.00 | OK | |
| r-oldrel-windows-x86_64 | 1.0 | 3.00 | 55.00 | 58.00 | OK |
Version: 1.0
Check: CRAN incoming feasibility
Result: NOTE
Maintainer: ‘Westa Domanova <[email protected]>’
No Authors@R field in DESCRIPTION.
Please add one, modifying
Authors@R: person(given = "Westa",
family = "Domanova",
role = c("aut", "cre"),
email = "[email protected]")
as necessary.
Flavors: r-devel-linux-x86_64-debian-clang, r-devel-linux-x86_64-debian-gcc