CRAN Package Check Results for Package lbm

Last updated on 2025-11-05 07:50:48 CET.

Flavor Version Tinstall Tcheck Ttotal Status Flags
r-devel-linux-x86_64-debian-clang 0.9.0.2 2.25 22.18 24.43 NOTE
r-devel-linux-x86_64-debian-gcc 0.9.0.2 1.94 17.54 19.48 NOTE
r-devel-linux-x86_64-fedora-clang 0.9.0.2 39.40 OK
r-devel-linux-x86_64-fedora-gcc 0.9.0.2 34.75 OK
r-devel-windows-x86_64 0.9.0.2 3.00 38.00 41.00 OK
r-patched-linux-x86_64 0.9.0.2 2.29 21.07 23.36 OK
r-release-linux-x86_64 0.9.0.2 2.30 20.89 23.19 OK
r-release-macos-arm64 0.9.0.2 1.00 15.00 16.00 OK
r-release-macos-x86_64 0.9.0.2 2.00 28.00 30.00 OK
r-release-windows-x86_64 0.9.0.2 3.00 38.00 41.00 OK
r-oldrel-macos-arm64 0.9.0.2 1.00 13.00 14.00 OK
r-oldrel-macos-x86_64 0.9.0.2 2.00 21.00 23.00 OK
r-oldrel-windows-x86_64 0.9.0.2 3.00 40.00 43.00 OK

Check Details

Version: 0.9.0.2
Check: CRAN incoming feasibility
Result: NOTE Maintainer: ‘Chao Zhu <[email protected]>’ No Authors@R field in DESCRIPTION. Please add one, modifying Authors@R: person(given = "Chao", family = "Zhu", role = c("aut", "cre"), email = "[email protected]") as necessary. Flavors: r-devel-linux-x86_64-debian-clang, r-devel-linux-x86_64-debian-gcc